+ 8376. Determine p(-3).
1905
Let s(k) = 42*k**2 - 2278*k + 511. What is s(54)?
-29
Let z(l) = -100*l**2 - 2305*l + 9. What is z(-23)?
124
Let p(z) = 2270*z**2 - 15899*z + 62. What is p(7)?
-1
Let l(m) = -7*m**3 - 26*m**2 + 47*m + 37. What is l(-5)?
27
Let t(a) = 2*a**2 + 116*a - 4098. Give t(27).
492
Let h(x) = -463326*x + 1389971. Determine h(3).
-7
Let u(y) = -157008*y + 313949. Calculate u(2).
-67
Let z(f) = f**2 + 640*f + 67626. What is z(-131)?
947
Let q(a) = -a**2 + 200*a - 4885. Calculate q(171).
74
Let u(w) = 342*w**2 + 656*w + 2605. Calculate u(-4).
5453
Let c(m) = 25324*m - 405336. Determine c(16).
-152
Let d(a) = a**2 + 2717*a + 51227. Determine d(-19).
-35
Let j(a) = -3781*a + 14913. Calculate j(4).
-211
Let n(t) = 635469*t + 8261106. Give n(-13).
9
Let l(n) = n**3 - 43*n**2 + 210*n + 1578. What is l(11)?
16
Let b(v) = 478*v + 108498. Give b(-227).
-8
Let u(i) = 6*i**2 - 1633*i - 16929. Give u(-10).
1
Let z(u) = 761*u + 103522. What is z(-136)?
26
Let p(y) = -y**2 - 149*y + 11159. Give p(55).
-61
Let p(b) = -3*b**3 - 88*b**2 - 4*b + 220. Calculate p(-30).
2140
Let w(g) = -3*g**3 - 2*g**2 - 29*g - 119. What is w(0)?
-119
Let y(o) = -o**3 - 1443*o**2 - 47939*o - 1127. Calculate y(-34).
-5
Let o(r) = r**3 + 183*r**2 - 35*r + 26897. What is o(-184)?
-519
Let i(y) = y**3 - 212*y**2 - 1387*y - 32024. Determine i(219).
-50
Let a(b) = -11428*b - 22852. Calculate a(-2).
4
Let z(n) = -9*n**3 + 594*n**2 + 593*n + 384. Determine z(67).
-286
Let i(c) = -c**3 - 54*c**2 - 241*c + 223. Give i(-49).
27
Let u(y) = 2*y**2 - 238*y - 2905. Determine u(-13).
527
Let h(k) = -2*k**2 + 4976*k + 55005. Determine h(-11).
27
Let d(w) = -3*w**2 + 336*w + 13177. Determine d(-31).
-122
Let c(l) = -l**2 + 7*l + 4960. Calculate c(-72).
-728
Let s(x) = 2*x**2 + 126*x + 2986. Determine s(-49).
1614
Let d(k) = -4060*k + 215180. What is d(53)?
0
Let p(j) = 28244*j - 226361. What is p(8)?
-409
Let n(h) = -h**3 + 18*h**2 + 22*h - 922. Give n(18).
-526
Let n(p) = -628*p + 163905. Give n(261).
-3
Let p(a) = 1346*a + 379571. Give p(-282).
-1
Let i(x) = 2*x**3 - 16*x**2 + 127*x - 981. Give i(8).
35
Let r(h) = 166224*h + 332182. What is r(-2)?
-266
Let h(q) = -4*q**2 - 114*q + 1202. Determine h(7).
208
Let p(x) = -x**3 - 2*x**2 + 1597*x - 82. Calculate p(-41).
0
Let z(p) = -11786*p - 42620. Give z(-4).
4524
Let l(y) = -2*y**3 + 19*y**2 + 22*y - 107. Give l(10).
13
Let d(h) = h**3 - 4*h**2 - 385*h + 1557. Determine d(4).
17
Let a(y) = -3788*y + 22619. Give a(6).
-109
Let j(y) = 4*y**3 - 1102*y**2 - 548*y - 1103. What is j(276)?
1
Let g(w) = -7*w**2 + 4978*w - 10701. Give g(709).
-66
Let y(q) = 7*q**2 + 5932*q + 47384. Determine y(-8).
376
Let g(a) = -31*a**2 - 3351*a - 33104. Calculate g(-11).
6
Let l(v) = 3999*v + 3965. Determine l(-1).
-34
Let d(x) = -x**3 - 341*x**2 + 317*x + 108102. Determine d(-341).
5
Let l(m) = -m**3 - 155*m**2 - 1211*m - 1142. Determine l(-147).
4003
Let l(k) = 2684*k + 340903. Give l(-127).
35
Let n(s) = 12088*s - 96710. Calculate n(8).
-6
Let f(u) = 20458*u - 347811. Determine f(17).
-25
Let p(q) = 620086*q - 34724822. What is p(56)?
-6
Let a(u) = 11331*u + 351709. Determine a(-31).
448
Let w(j) = -55*j + 1167. Calculate w(18).
177
Let k(d) = 87*d**2 - 9947*d - 9946. What is k(-1)?
88
Let d(n) = 8*n**2 + 45*n - 585. Determine d(16).
2183
Let f(r) = 2*r**2 - 5821*r - 23289. Give f(-4).
27
Let n(r) = -13098*r + 419139. Determine n(32).
3
Let f(n) = -2842*n**2 + 122199*n + 223. Determine f(43).
-78
Let s(m) = 7*m**3 + 533*m**2 + 1109*m - 67. Give s(-74).
7
Let r(x) = 3*x**2 - 4163*x - 238049. Calculate r(-55).
-9
Let n(q) = -5216*q + 20962. Give n(4).
98
Let u(a) = 2*a**2 + 1735*a - 22900. Calculate u(13).
-7
Let f(j) = -j**3 - 137*j**2 - 56*j - 7662. Calculate f(-137).
10
Let n(l) = -28*l**3 - 421*l**2 - 830*l - 12228. Give n(-15).
-3
Let c(p) = 13*p**2 - 10*p + 8. Determine c(1).
11
Let i(b) = 20592*b - 61883. Calculate i(3).
-107
Let q(w) = 28*w**2 - 17*w + 68. What is q(-6)?
1178
Let t(x) = -5*x + 295. Calculate t(60).
-5
Let p(g) = g**3 + 15*g**2 - 93*g - 224. Give p(-19).
99
Let n(p) = 2935*p - 625158. What is n(213)?
-3
Let f(o) = o**3 - 482*o**2 + 1319*o + 56544. Determine f(479).
22
Let s(t) = 4039*t + 2726322. What is s(-675)?
-3
Let w(d) = -d**2 + 20412*d - 591098. Calculate w(29).
9
Let r(q) = 2*q**3 - 151*q**2 + 207*q + 1017. What is r(74)?
-93
Let d(u) = -4522*u**3 - 6*u**2 - 32*u + 38. Give d(1).
-4522
Let v(k) = -3*k**3 - 499*k**2 - 10009*k + 155. Determine v(-143).
12
Let y(u) = 7241*u**2 + 2107132*u + 290. What is y(-291)?
-1
Let w(k) = -k**3 + 6*k**2 + 10*k + 82. Calculate w(11).
-413
Let v(u) = 843*u - 46426. What is v(55)?
-61
Let k(o) = o**2 - 40*o - 349. Calculate k(49).
92
Let x(z) = -256*z + 23082. Determine x(90).
42
Let r(g) = -7*g**2 - 5*g + 87. Determine r(-18).
-2091
Let c(y) = -222*y**2 - 14890*y - 1073. What is c(-67)?
-1
Let d(z) = -z**3 - 37*z**2 + 20005*z + 721584. Determine d(-36).
108
Let j(d) = 4388*d - 228167. Give j(52).
9
Let c(d) = -15*d**2 + 905*d + 5684. Calculate c(66).
74
Let r(z) = -331*z + 10343. What is r(29)?
744
Let m(p) = 7*p**2 - 858*p + 9149. Give m(109).
-1206
Let m(q) = 85374*q + 1109862. What is m(-13)?
0
Let s(d) = 143444*d - 430274. What is s(3)?
58
Let r(t) = -796*t**2 - 101088*t + 491. Calculate r(-127).
-17
Let q(k) = 251*k - 53145. What is q(212)?
67
Let d(s) = s**2 + 108836*s + 2067507. Determine d(-19).
-16
Let m(i) = 118*i + 7605. What is m(-68)?
-419
Let i(h) = -h**3 - 12*h**2 + 402*h - 426. What is i(15)?
-471
Let o(r) = r**3 + 65*r**2 - 2600*r + 391. Give o(-93).
19
Let c(u) = -206*u + 3867. Give c(19).
-47
Let i(v) = -5*v**2 + 1264*v + 6428. Calculate i(-5).
-17
Let w(p) = 13*p**2 + 4642*p - 32631. Give w(7).
500
Let b(t) = -t**2 + 11086*t + 927030. Give b(-83).
3
Let p(m) = 5152*m + 1298317. Determine p(-252).
13
Let d(h) = -155*h + 7537. Determine d(52).
-523
Let l(u) = u**2 + 1145*u + 4591. Give l(-4).
27
Let i(k) = k**3 - 142*k**2 - 1850*k - 21. Calculate i(-12).
3
Let g(c) = -2*c**2 - 19*c + 1440. Determine g(23).
-55
Let y(h) = 246521*h - 8874752. Determine y(36).
4
Let n(b) = b**2 + 17154*b + 1637569. Calculate n(-96).
1
Let a(u) = 980*u + 7850. Determine a(-8).
10
Let j(f) = 2*f**2 - 229*f + 422. Calculate j(111).
-355
Let m(t) = 16*t**2 - 1016*t - 47. Determine m(60).
-3407
Let x(y) = -y**2 + 1263*y - 17. Determine x(0).
-17
Let a(h) = 197*h - 4696. Calculate a(19).
-953
Let h(z) = 3598*z + 50177. Calculate h(-14).
-195
Let j(a) = -195496*a - 977539. Give j(-5).
-59
Let w(a) = -18*a**3 - 343*a**2 + 2*a + 376. Give w(-19).
-23
Let w(d) = 545*d - 131. What is w(0)?
-131
Let h(l) = l**3 + 100*l**2 - 544*l - 43967. Give h(-101).
776
Let v(c) = 55466*c + 2440512. What is v(-44)?
8
Let y(t) = -6*t**3 + 49*t**2 + 418*t - 3383. What is y(8)?
25
Let r(z) = -4256*z**3 - 4*z**2 - 56*z - 50. Determine r(-1).
4258
Let g(r) = 14742*r + 191584. Determine g(-13).
-62
Let a(m) = m**3 - 455*m**2 + 44. Calculate a(0).
44
Let f(i) = -21487*i - 21525. What is f(-1)?
-38
Let w(h) = 1837*h - 40589. Give w(22).
-175
Let i(o) = -1391*o - 118228. Calculate i(-85).
7
Let n(i) = 706*i + 153217. Give n(-217).
15
Let m(f) = -6901*f + 358199. What is m(52)?
-653
Let f(d) = 865*d - 147499. What is f(171)?
416
Let q(l) = 33*l**2 + 238*l + 135. What is q(-7)?
86
Let k(w) = -257*w - 15287. Calculate k(-66).
1675
Let f(z) = -3225*z + 22267. Calculate f(7).
-308
Let q(r) = -3*r**3 + 24*r**2 - 55*r - 6. Give q(0).
-6
Let d(j) = 3*j**3 - 475*j**2 - 1288*j + 359. Give d(161).
359
Let m(s) = 2*s**3 - 99*s**2 + 212*s + 1867. Give m(6).
7
Let n(q) = 259*q**2 - 18909*q + 145. Calculate n(73).
-1
Let r(f) = -5268*f + 558367. Give r(106).
-41
Let y(o) = 306673*o + 20547082. Determine y(-67).
-9
Let k(d) = 87899*d - 3252257. Calculate k(37).
6
Let m(i) = -2*i**3 + 27*i**2 + 57*i - 266. Give m(14).
336
Let y(x) = -3416*x**2 - 505569*x - 159. What is y(-148)?
-11
Let l(s) = -22*s**3 + 1350*s**2 + 860*s + 333. Determine l(62).
-163
Let u(h) = -h**2 + 1367*h + 527783. Determine u(-314).
-51
Let x(u) = -u**2 + 306*u + 19411. Determine x(-49).
2016
Let n(v) = -8*v**3 + 4*v**2 + 858*v - 860. What is n(1)?
-6
Let u(m) = -894*m - 4365. What is u(-5)?
105
Let m(o) = -539*o + 1860. What is m(4)?
-296
Let k(n) = -n**2 + 714*n 